the hundred millions digit of 5770948898?
7
What is the ten millions digit of 80875566?
8
What is the tens digit of 2046378020?
2
What is the millions digit of 392136954?
2
What is the ten millions digit of 1055233021?
5
What is the units digit of 1647158549?
9
What is the hundred thousands digit of 36086379?
0
What is the ten millions digit of 1544497871?
4
What is the hundreds digit of 10587999?
9
What is the billions digit of 3572573757?
3
What is the tens digit of 1221221607?
0
What is the hundreds digit of 6623171?
1
What is the units digit of 203506008?
8
What is the billions digit of 2928119151?
2
What is the millions digit of 4615517?
4
What is the thousands digit of 32506458?
6
What is the ten thousands digit of 81019076?
1
What is the ten thousands digit of 73032553?
3
What is the tens digit of 306479198?
9
What is the millions digit of 1064659822?
4
What is the hundreds digit of 992308411?
4
What is the billions digit of 8094389095?
8
What is the hundred thousands digit of 684825963?
8
What is the hundred millions digit of 135167032?
1
What is the thousands digit of 61979185?
9
What is the ten millions digit of 378710954?
7
What is the hundred thousands digit of 113091036?
0
What is the thousands digit of 346158996?
8
What is the units digit of 98663744?
4
What is the millions digit of 555411289?
5
What is the billions digit of 2344694970?
2
What is the ten millions digit of 35865810?
3
What is the hundreds digit of 4228962804?
8
What is the hundred thousands digit of 562877137?
8
What is the units digit of 2833274515?
5
What is the hundred thousands digit of 175453347?
4
What is the hundred thousands digit of 45487856?
4
What is the ten thousands digit of 113328814?
2
What is the hundred millions digit of 1139569070?
1
What is the thousands digit of 4377061134?
1
What is the units digit of 70268123?
3
What is the hundreds digit of 247784992?
9
What is the tens digit of 5050060563?
6
What is the millions digit of 13420568?
3
What is the millions digit of 11593983?
1
What is the hundreds digit of 1402801052?
0
What is the billions digit of 3958685275?
3
What is the units digit of 180006137?
7
What is the ten millions digit of 272379079?
7
What is the tens digit of 726061401?
0
What is the ten millions digit of 259623262?
5
What is the thousands digit of 1386728888?
8
What is the hundreds digit of 14777478?
4
What is the millions digit of 1152763181?
2
What is the tens digit of 600300690?
9
What is the tens digit of 35605884?
8
What is the hundreds digit of 499160258?
2
What is the tens digit of 67697737?
3
What is the hundreds digit of 8294353590?
5
What is the hundred thousands digit of 231417472?
4
What is the ten millions digit of 318961852?
1
What is the hundred millions digit of 1555589266?
5
What is the ten millions digit of 213944738?
1
What is the millions digit of 427063087?
7
What is the millions digit of 1221774?
1
What is the tens digit of 3887286?
8
What is the hundred thousands digit of 2015455594?
4
What is the thousands digit of 61022064?
2
What is the tens digit of 50709700?
0
What is the ten millions digit of 1349535527?
4
What is the millions digit of 177665003?
7
What is the ten thousands digit of 83759?
8
What is the hundred thousands digit of 2500314768?
3
What is the units digit of 843442419?
9
What is the tens digit of 786821389?
8
What is the millions digit of 125961320?
5
What is the ten thousands digit of 272038510?
3
What is the units digit of 1712593456?
6
What is the units digit of 224679549?
9
What is the hundred thousands digit of 158696884?
6
What is the thousands digit of 80442768?
2
What is the hundred millions digit of 689671235?
6
What is the hundred thousands digit of 177928380?
9
What is the millions digit of 68335855?
8
What is the ten millions digit of 106609891?
0
What is the billions digit of 2286964238?
2
What is the ten millions digit of 348476566?
4
What is the hundreds digit of 52525218?
2
What is the ten thousands digit of 30242552?
4
What is the thousands digit of 33868569?
8
What is the hundreds digit of 48843033?
0
What is the millions digit of 476653792?
6
What is the tens digit of 645063856?
5
What is the ten millions digit of 2181936718?
8
What is the millions digit of 85399247?
5
What is the units digit of 4442286547?
7
What is the hundred thousands digit of 221923230?
9
What is the hundred thousands digit of 1118163044?
1
What is the hundreds digit of 34016672?
6
What is the hundred thousands digit of 67221097?
2
What is the tens digit of 690407918?
1
What is the hundred thousands digit of 2027186963?
1
What is the ten millions digit of 133273978?
3
What is the thousands digit of 248385578?
5
What is the hundreds digit of 4300854843?
8
What is the millions digit of 839442221?
9
What is the hundreds digit of 16092421?
4
What is the hundred thousands digit of 159772435?
7
What is the ten millions digit of 489958485?
8
What is the hundreds digit of 239160796?
7
What is the thousands digit of 35105835?
5
What is the ten thousands digit of 1514668842?
6
What is the tens digit of 55346805?
0
What is the units digit of 219420635?
5
What is the ten thousands digit of 2120922820?
2
What is the hundred thousands digit of 251988256?
9
What is the thousands digit of 3752999?
2
What is the ten thousands digit of 1629884280?
8
What is the thousands digit of 392324748?
4
What is the hundred thousands digit of 1331459584?
4
What is the units digit of 6651331860?
0
What is the units digit of 189112864?
4
What is the units digit of 22028647?
7
What is the ten millions digit of 339227979?
3
What is the ten thousands digit of 511233025?
3
What is the hundred thousands digit of 34644117?
6
What is the millions digit of 44999319?
4
What is the hundreds digit of 7673965?
9
What is the ten thousands digit of 104344028?
4
What is the millions digit of 4687642003?
7
What is the millions digit of 94322433?
4
What is the units digit of 245986823?
3
What is the hundred millions digit of 1099358953?
0
What is the hundreds digit of 42979678?
6
What is the millions digit of 5358901722?
8
What is the thousands digit of 2112373603?
3
What is the tens digit of 1236547013?
1
What is the hundred millions digit of 3430034918?
4
What is the millions digit of 872996882?
2
What is the ten millions digit of 760087496?
6
What is the hundred thousands digit of 158421541?
4
What is the hundred millions digit of 677362578?
6
What is the hundred thousands digit of 26077000?
0
What is the hundred thousands digit of 875728993?
7
What is the tens digit of 280764413?
1
What is the hundred thousands digit of 22132955?
1
What is the hundreds digit of 83405321?
3
What is the ten millions digit of 94431237?
9
What is the ten thousands digit of 39509827?
0
What is the ten thousands digit of 1481295686?
9
What is the units digit of 2779918569?
9
What is the ten thousands digit of 262429119?
2
What is the hundred thousands digit of 793801113?
8
What is the hundred millions digit of 658351848?
6
What is the thousands digit of 6524285659?
5
What is the tens digit of 1412616912?
1
What is the thousands digit of 383261881?
1
What is the tens digit of 66487381?
8
What is the ten thousands digit of 1473106713?
0
What is the thousands digit of 3199904926?
4
What is the ten millions digit of 729522595?
2
What is the hundred millions digit of 256427932?
2
What is the tens digit of 4806544421?
2
What is the tens digit of 12521750?
5
What is the ten thousands digit of 164017543?
1
What is the thousands digit of 288797350?
7
What is the tens digit of 2616291860?
6
What is the hundreds digit of 511431403?
4
What is the ten thousands digit of 78215984?
1
What is the hundreds digit of 54559189?
1
What is the hundred thousands digit of 2365749334?
7
What is the units digit of 2124198138?
8
What is the hundreds digit of 310688271?
2
What is the ten millions digit of 2728846333?
2
What is the units digit of 1499067922?
2
What is the millions digit of 271610434?
1
What is the ten thousands digit of 279815923?
1
What is the hundred thousands digit of 509412413?
4
What is the hundred millions digit of 580624100?
5
What is the hundred thousands digit of 24911770?
9
What is the tens digit of 93709619?
1
What is the units digit of 2147615877?
7
What is t